z be p(6). Suppose -8 = 2*u - 4*a, -u + 3*a = -0*u + 7. Let w(v) = -2*v**z - u*v + 3*v**2 - 1 + 4. What is w(2)?
3
Let z(t) = -8 - 2 - 2*t + 2 + 3*t. Suppose -c = -2*i + 11, -i + 5*c = 3*i - 13. Give z(i).
-1
Let b(p) = -p - 5. Let r be b(0). Let a(m) = m + 1. Calculate a(r).
-4
Suppose -111 + 99 = -2*c. Let g(p) = -4*p**2 + p + 7. Let x(t) = t**2 + t. Let u(f) = -g(f) - 3*x(f). Give u(c).
5
Let x(n) be the third derivative of -3*n**2 + 0 + 0*n - 1/5*n**5 + 1/6*n**3 + 1/24*n**4. Calculate x(-1).
-12
Let i(m) = 3*m**3 - 2*m**2 - m. Suppose -u + 6*u = -20. Let f = -5 - u. What is i(f)?
-4
Let d(j) = -2 + 1 - 5*j + j**2 - 7. Let m = -36 - -42. What is d(m)?
-2
Let z(p) be the third derivative of 0 + 2*p**2 + 7/60*p**5 + 0*p + 0*p**4 - 1/6*p**3. Give z(-1).
6
Let n = 1 - 1. Let y(g) = -g. Let h(v) = -5. Let j(l) = -h(l) + 2*y(l). Let s(u) = -u + 2. Let r(x) = 6*j(x) - 11*s(x). What is r(n)?
8
Let b(j) = j**2 + 6*j + 3. Let r be -2 + 1 - 4/(-2). Let h be (-3 + r)*(-2)/4. Let o be (-11)/5 - h/(-5). What is b(o)?
-5
Suppose -3*b - 19 = 6*i - i, 0 = -4*b - i + 3. Let p(k) = 10*k**b + 4 + 0 - 2 - 1. Let y = 0 - -1. What is p(y)?
11
Let d(r) = -6*r + 3. Let k = 6 - 4. What is d(k)?
-9
Let t(g) = -16*g**2 + 1. Suppose 7*r - 26 = -33. Determine t(r).
-15
Let i(r) be the third derivative of r**4/24 + 3*r**3/2 - 20*r**2 + 1. Give i(-7).
2
Let c(a) be the first derivative of a**2 - a - 1. Let w = 21 - 16. Calculate c(w).
9
Let x(y) = -y**2 + 5*y + 2. Let z be x(6). Let u be (-11)/z + 3/12. Suppose -u*k = 4*t + 6 - 32, 4*k - 8 = 0. Let l(r) = r + 1. Give l(t).
6
Let u(m) be the second derivative of -m**8/6720 - m**7/420 - m**6/360 + m**5/20 - 5*m**4/12 - 3*m. Let t(z) be the third derivative of u(z). Determine t(-5).
-9
Let c(r) be the first derivative of r**3/3 + r**2 - 3*r + 2. Let u = -27 - -29. Give c(u).
5
Let b(o) = 12 - o**2 + 10*o - 3*o - 2. Let n be b(7). Suppose 0 = 3*p - 5*p - n. Let g(l) = -l - 5. Give g(p).
0
Let f(h) be the second derivative of 5*h**4/4 - h**2/2 + 5*h. Determine f(-1).
14
Let y(s) be the first derivative of 1/2*s**2 - 2 - 1/3*s**3 + 0*s. What is y(1)?
0
Suppose v + 2 = -0*v. Let j(b) = -3*b**2 - 1. Determine j(v).
-13
Let i(m) be the third derivative of 0*m - 7/60*m**5 + 3*m**2 - 1/120*m**6 - 1/6*m**3 - 7/24*m**4 + 0. Calculate i(-6).
5
Let f(c) = -8*c**2 + 2 + 7*c + 7*c**2 + 1. What is f(7)?
3
Let s(h) = -13*h**3 - 4*h**2 + 11*h - 9. Let b(f) = -6*f**3 - 2*f**2 + 6*f - 5. Let n(u) = 7*b(u) - 4*s(u). Determine n(1).
11
Suppose -2 = 4*a - 22. Let b(u) = -a*u**2 + 3*u**2 - 1 + 8*u**2 - u. What is b(-1)?
6
Suppose -2*c - f - 32 = 3*f, -c - 3*f = 20. Let w = 5 + c. Let k(d) be the first derivative of -d**4/4 - 2*d**3/3 + 5*d**2/2 + 3*d - 1. Give k(w).
-3
Suppose -5*l - i - 2*i = 15, 0 = -2*l + 2*i - 22. Let h(z) = z**3 + 5*z**2 - 7*z - 3. Give h(l).
3
Let m(n) = 2*n - 6. Let x be 13/3 - (-4)/6. Give m(x).
4
Let p(g) be the third derivative of -g**6/60 - g**4/24 - 4*g**2. Let k(a) = a**2 + 4*a - 4. Let u be k(-4). Let v be (-6)/(-4) + u/8. Determine p(v).
-3
Let x(g) = 3*g + 3*g + 0*g - 5 - 5*g. Calculate x(0).
-5
Let s(l) = l + 3. Let f be (20/50)/(2/(-50)). Let c = 8 + f. Calculate s(c).
1
Suppose -19 = -2*o - 5. Suppose 0 = -o*q + 5*q - 2. Let f(v) = -11*v - 1. Calculate f(q).
10
Let m(w) = -w**2 + w. Let f be (-1)/(-2)*0/(-10). Determine m(f).
0
Suppose -8*t = -9*t - 6. Let f be t/4 - (-99)/18. Let z(h) = -h**2 + 3*h - 2. Give z(f).
-6
Let x(u) = u**3 - 8*u**2 - 9*u - 6. Let p be x(9). Let q = 0 - p. Let d(v) = -q + 7 - v + 7. Calculate d(4).
4
Let a(t) be the third derivative of -7*t**2 + 2/3*t**3 + 1/120*t**6 + 0 - 1/15*t**5 - 7/24*t**4 + 0*t. Give a(5).
-6
Let f(l) = -l**3 - 3*l**2 + 8*l**3 - 9*l**3 + 4*l - 1. Determine f(-3).
14
Let y(d) = -d**2 + 1. Let j(s) = 3*s**2 + 3*s - 4. Let u(r) = -j(r) - 5*y(r). Suppose 3*l - 12 = -l. Determine u(l).
8
Suppose 2*j + 29 - 3 = 0. Let a = -9 - j. Let n(m) = -m**2 + 3*m. Calculate n(a).
-4
Let k(h) be the first derivative of h**2 - h - 1. Let d = -25 - -27. Give k(d).
3
Let k(f) = -f**3 - 5*f**2 - 3*f - 3. Let x = 7 + -7. Suppose -p = -x - 4. Suppose -p = 2*v - v. Determine k(v).
-7
Let t(a) = -a + 5. Suppose 0 = 3*g + 2*g - 4*u + 20, 2*u - 10 = 0. Let o = 6 - g. Give t(o).
-1
Let y(h) = -h**3 - 6*h**2 + 8*h + 10. Let j be y(-7). Suppose 0 = -j*v - 6 - 3. Let o(k) = k**3 + 3*k**2 + 4*k + 4. Give o(v).
-8
Let c(b) = b**2 - 5*b + 2. Suppose 0 = -3*p + 15 + 3. Suppose 0 = d - 0*d - p. Let y = d - 4. Calculate c(y).
-4
Let l(r) = -2 + 6*r + 6*r - 2*r - 9*r. Let x = 8 - 3. What is l(x)?
3
Let p(a) be the third derivative of -a**4/24 + a**3/6 - a**2. Let l be ((-6)/8)/(2/(-8)). Suppose l*w + 0*w + 4*t = 20, -2*t = -10. Calculate p(w).
1
Let k = 16 + -16. Suppose -4*l - 16 = k, 3*b - 4*b + 2*l = -2. Let g(q) = -q**2 - 8*q - 6. Determine g(b).
6
Let u(l) = 2*l + 6. Suppose 4*r + 12 = 2*g + 38, -4*g = -3*r + 27. Let k = g + -2. Let z be u(k). Let m(h) = -h**3 - 5*h**2 - 6*h - 1. What is m(z)?
7
Let i(d) = -d**2 + 1 - 2*d**2 - d**2 + d**3 - d**2. Suppose 0 = -5*t - 2*w + 60, -3*w + 25 = 2*w. Suppose m - 3*m + t = 0. Calculate i(m).
1
Let t(x) = 5*x - 6. Let p(g) = g. Let q(w) = 2*p(w) - t(w). What is q(4)?
-6
Let d(q) = q + 1. Let v be d(4). Let g = 10 + -7. Suppose -g*h = -v*h. Let f(s) = s**2 - 9. Give f(h).
-9
Let c be ((-5)/2)/(2/8). Let h = -9 - c. Let i(w) = 2*w - 1. Give i(h).
1
Let y(m) = -7*m**3 - 2*m**2 + m. Let i be -1*(0/3 - 1). Give y(i).
-8
Let g(q) = q + 0*q + 1 - q - 7*q. Suppose -4 = -4*p - 2*r, 0 = 2*p + 5*r - 2 - 0. What is g(p)?
-6
Let d(s) = 2*s + 3*s - 5*s - 7 + s. Suppose -4*t + 8 + 8 = 0. Give d(t).
-3
Let p(f) = -2*f**2 + 2*f - 1. Let d(g) = g**3 + 3*g**2 - 2*g + 1. Let k(q) = 2*d(q) + 3*p(q). Determine k(1).
3
Suppose 0*w - w - 1 = 0, -4*w = -2*o + 10. Let j(n) = -n**2 + n + 4. Determine j(o).
-2
Let b(h) = -7*h + 2*h - 2*h**2 - 1 - 3*h**2 + 3. Let t(n) = -n**2 - 3*n + 2*n + 0*n. Let z(g) = b(g) - 4*t(g). Give z(-2).
0
Let l(i) = -7*i + 1 + 4*i - 5. Let y be l(-3). Let z(j) = 0*j**2 - j**2 + 5*j - j + 6. Calculate z(y).
1
Let n(x) be the second derivative of x**5/20 - 5*x**4/12 - 2*x**3/3 - 5*x**2/2 + 2*x. Let g be n(6). Let a(s) = -s + 1. What is a(g)?
-6
Suppose 3 = 2*w - 1. Let z(p) = -p**w - p + p - 5*p + 2 - 5. Calculate z(-3).
3
Let n(j) = j**3 - 13*j**2 + 12*j - 2. Let w be n(12). Let d = 4 + w. Let t(a) = 0*a**2 + 9*a + a**2 - 4*a + d. Calculate t(-4).
-2
Let h(u) be the first derivative of -6*u - 5/2*u**2 - 2 - 1/3*u**3. Suppose 0 = 2*s - 1 + 9. What is h(s)?
-2
Let b(g) = 3*g + 4. Suppose 0 = 2*v - 36 - 64. Let h be (-12)/10*v/20. What is b(h)?
-5
Let j(k) = k**2 - 3*k + 3. Suppose 5*t = 5*s + 65, -8 = -0*s + 2*s. Let l = t - 15. Let z be 5/3 + (-2)/l. Determine j(z).
1
Let c(n) be the second derivative of n**4/12 - n**3 - 11*n**2/2 + 50*n. What is c(8)?
5
Let y(z) = z**3 - 1 + 2290*z + z**2 + 11 - 2291*z. Calculate y(0).
10
Let h(p) = 20*p**3 + 29*p**2 - 11*p + 9. Let l(n) = -7*n**3 - 10*n**2 + 4*n - 3. Let x(s) = 2*s. Let z be x(-3). Let o(i) = z*h(i) - 17*l(i). Give o(-4).
5
Let f(m) = -6 + 3 + 4*m + m**2 + 5. Suppose -4*z = -7*z - 15. Give f(z).
7
Let a(w) = 1. Let x(b) be the first derivative of b**4/4 - 2*b**3/3 + 3*b**2/2 - 5*b + 2. Let d(z) = a(z) + x(z). Determine d(3).
14
Suppose -4*w - 2*q - 17 = 3*q, 2*w + 21 = -5*q. Let m(h) = 3*h + 3 + h**2 - 2*h**w + 2*h**2 + 0*h. Calculate m(-2).
1
Let b be (-5 + 2 - -4)*2. Let g(p) = b*p - 5 + 3 + 0. Give g(3).
4
Let d(m) be the second derivative of 0*m**4 - 1/2*m**2 - 1/60*m**5 - 2*m - 1/6*m**3 + 0. Let y(q) be the first derivative of d(q). Calculate y(1).
-2
Let n = -15 - -20. Let m(t) = 3*t**3 + t**2 + t + 6. Let a(h) = -4*h**3 - h**2 - 2*h - 7. Let v(c) = n*m(c) + 4*a(c). What is v(2)?
-8
Let d(z) = -z**2 + 13*z + 4. Let h be d(13). Let k(t) = 2*t - 2. Let a(g) = 6*g - 6. Let f(q) = 6*a(q) - 17*k(q). What is f(h)?
6
Let m(r) = 6*r + 2 + 5*r - 12*r. Calculate m(-3).
5
Let b = 1 - 5. Suppose j = 5*j + v - 19, -11 = -j + v. Let x(z) = 3*z**2 - 3*z**2 + j*z + 4 + z**2. Give x(b).
-4
Let d(m) be the first derivative of m**2/2 + 3*m - 3. Calculate d(7).
10
Let q(t) = t**3 + t**2 - t + 2. Let m be q(0). Suppose 22*a - 24*a + 6 = 0. Let b(z) = m*z**2 - z**a + 1 - 7*z + 7*z. Give b(2).
1
Let a(j) = -j + 2. Let 